NOAA style reports

Rapports climatiques NOAA

Select NOAA data to display

Selectionner un mois ou une annee
2018 > Jan Feb Mar Apr May Jun Jul Aug Sep Oct Nov Dec

Report for 2018 Jan
                   MONTHLY CLIMATOLOGICAL SUMMARY for JAN. 2018

NAME: meteo   CITY: ticheville   STATE: France 
ELEV:   216 m  LAT:  48° 54' 30" N  LONG:   0° 16' 00" E

                   TEMPERATURE (°C), RAIN  (mm), WIND SPEED (km/hr)

                                      HEAT  COOL        AVG
    MEAN                              DEG   DEG         WIND                 DOM
DAY TEMP  HIGH   TIME   LOW    TIME   DAYS  DAYS  RAIN  SPEED HIGH   TIME    DIR
------------------------------------------------------------------------------------
 1   7.1   7.8   14:25   5.9   11:20   6.0   0.0   0.0   6.3  64.4   14:10   WSW
 2   8.3  11.4   23:45   4.9    5:50   7.8   0.0   0.0   6.9  40.2   21:45    SW
 3   8.8  12.9    2:45   6.6   22:10   7.1   0.0   0.0  12.1  66.0   13:05   WSW
 4   9.7  12.7    5:55   7.0    0:50   3.5   0.0   0.0   4.3  51.5   14:05    SW
 5   6.7   8.6   12:20   5.4   19:50   6.4   0.0   0.0   3.4  32.2   12:35    SW
 6   5.4   6.6   14:25   4.3   10:55  10.4   0.0   0.0   2.4  24.1   23:15    SW
 7   4.6   5.4    0:20   3.4   14:15   5.2   0.0   0.0   4.7  45.1   14:55   ENE
 8   4.1   4.5   23:45   3.7   12:10   7.2   0.0   0.0   3.9  25.7   12:35   ENE
 9   5.8   8.0   22:40   4.3    3:15   9.8   0.0   0.0   1.8  25.7   23:35    SE
10   6.5   9.1   16:35   3.2   23:40   9.1   0.0   0.0   1.3  16.1    0:10    SW
11   4.6   5.8   14:45   2.8    1:10  11.4   0.0   0.0   1.0  14.5   12:00   NNE
12   4.4   5.1    1:00   3.6   11:15  10.0   0.0   0.0   0.6  14.5   23:45   ESE
13   3.2   4.5   11:45   1.8   23:50  12.1   0.0   0.0   4.0  22.5   15:10     E
14   2.2   4.0   23:45  -0.2   10:35  13.0   0.0   0.0   1.4  14.5   22:00   ENE
15   7.1   9.9   16:35   4.0    0:05   7.7   0.0   0.0   7.9  40.2   17:45   WSW
16   5.8   8.8   11:55   1.3   22:40   9.5   0.0   0.0  11.1  48.3    1:55   WSW
17   4.4   7.6   14:30   1.9    1:15  12.1   0.0   0.0  10.6  51.5    6:20   WSW
18   7.4   9.4   11:45   4.9   23:40   8.6   0.0   0.0   9.5  48.3    5:50   WSW
19   4.2   7.0   14:10   2.7    3:25  11.7   0.0   0.0   7.2  30.6   11:50    SW
20   7.8  11.1   12:20   3.3    0:40   8.5   0.0   0.2   8.5  49.9   12:35     W
21   9.2  11.3   15:45   5.6    4:40   6.8   0.0   0.0   6.6  53.1   19:00   WSW
22   9.1  12.3   10:10   7.4   23:05   5.8   0.0   0.0   3.7  32.2   10:30   WSW
23  10.0  11.9   16:05   5.9    4:30   6.2   0.0   0.0   4.8  24.1   16:10   SSW
24  10.9  11.9    2:50   7.4   21:35   7.4   0.0   0.0   8.9  38.6    8:55   SSW
25   7.1   8.3    0:05   4.7   23:45  11.3   0.0   0.0   4.3  22.5    0:55    SW
26   4.8   8.7   15:00   2.7    8:05  13.5   0.0   0.0   2.6  17.7   14:50    SW
27   4.1   7.2   13:25   0.2    9:00  14.2   0.0   0.0   2.3  20.9   23:00   SSW
28   9.3  11.0   12:45   6.7    0:05   9.0   0.0   0.0   7.7  29.0   14:50   WSW
29   8.8   9.7   16:00   7.8   20:55   9.5   0.0   0.0   8.5  30.6   12:45   WSW
30   9.6  10.8   16:05   8.6    0:05   8.8   0.0   0.0   4.8  22.5   22:05    SW
31   7.1   9.4   12:35   1.4   22:35  11.3   0.0   0.0  10.5  40.2   20:40   SSW
-------------------------------------------------------------------------------------
     6.7  12.9     3    -0.2    14   280.9   0.0   0.2   5.6  66.0     3      SW

Max >=  32.0:  0
Max <=   0.0:  0
Min <=   0.0:  1
Min <= -18.0:  0
Max Rain: 0.20 ON 20/01/18
Days of Rain: 1 (> .2 mm) 0 (> 2 mm) 0 (> 20 mm)
Heat Base:  18.3  Cool Base:  18.3  Method: Integration