NOAA style reports

Rapports climatiques NOAA

Select NOAA data to display

Selectionner un mois ou une annee
2019 > Jan Feb Mar Apr May Jun Jul Aug Sep Oct Nov Dec

Report for 2018
                            ANNUAL CLIMATOLOGICAL SUMMARY

NAME: meteo  CITY: ticheville   STATE: France  
ELEV:   216 m  LAT:  48° 54' 30" N  LONG:   0° 16' 00" E

               TEMPERATURE (°C), HEAT BASE 18.3, COOL BASE 18.3
                          DEP.  HEAT  COOL                                          
        MEAN  MEAN        FROM  DEG   DEG                        MAX  MAX  MIN  MIN 
 YR MO  MAX   MIN   MEAN  NORM  DAYS  DAYS  HI  DATE  LOW  DATE  >=32 <=0  <=0  <=-18 
------------------------------------------------------------------------------------
 18  1   8.8   4.3   6.7   0.0   281     0  12.9   3  -0.2   14    0    0    1    0
 18  2   5.0  -1.2   1.7   0.0   464     0  11.1  15  -9.1   28    0    3   18    0
 18  3   9.5   3.1   6.0   0.0   382     0  15.8  11  -6.1    1    0    2    8    0
 18  4  16.8   8.0  12.1   0.0   200    13  27.5  20   3.8   30    0    0    0    0
 18  5  23.2   9.9  16.8   0.0   141    93  54.0  31   2.8    4    3    0    0    0
 18  6  30.7  19.4  25.2   0.0    37   240  56.3   3   7.9   22    8    0    0    0
 18  7  26.8  15.5  20.6   0.0    22    92  33.8  26  12.6   11    1    0    0    0
 18  8  24.3  13.7  18.6   0.0    51    59  33.3   6   8.6   26    2    0    0    0
 18  9  28.0   9.9  17.2   0.0   101    69  56.3  11   2.6   30    8    0    0    0
 18 10  17.0   8.6  12.5   0.0   188     8  24.8   5   1.7   29    0    0    0    0
 18 11  11.2   5.4   8.0   0.0   309     0  17.4   5  -1.5   19    0    0    2    0
 18 12  25.9  20.6  22.9   0.0   236   378  70.0  24  -3.1   14    8    0    4    0
------------------------------------------------------------------------------------
        19.0   9.8  14.1   0.0  2411   953  70.0 DEC  -9.1  FEB   30    5   33    0

                                PRECIPITATION (mm)

               DEP.   MAX        DAYS OF RAIN 
               FROM   OBS.          OVER
 YR MO  TOTAL  NORM   DAY  DATE  .2   2   20
---------------------------------------------
 18  1   0.2    0.0   0.2   20    1    0    0
 18  2   0.6    0.0   0.4    7    2    0    0
 18  3  20.0    0.0   7.2   28    8    4    0
 18  4   6.8    0.0   3.2    3    4    1    0
 18  5   0.0    0.0   0.0    1    0    0    0
 18  6   0.0    0.0   0.0    1    0    0    0
 18  7   0.0    0.0   0.0    1    0    0    0
 18  8   0.0    0.0   0.0    1    0    0    0
 18  9   0.0    0.0   0.0    1    0    0    0
 18 10   0.0    0.0   0.0    1    0    0    0
 18 11   0.0    0.0   0.0    1    0    0    0
 18 12   0.0    0.0   0.0    1    0    0    0
---------------------------------------------
        27.6   0.0   7.2  MAR   15    5    0

                                WIND SPEED (km/hr)
                          DOM
 YR MO   AVG.  HI   DATE  DIR
---------------------------------
 18  1   5.6  66.0    3    SW
 18  2   5.1  48.3   28   ENE
 18  3   5.0  51.5   12    SW
 18  4   3.3  40.2   25   WSW
 18  5   1.8  35.4   28   NNE
 18  6   2.4  32.2   28    NE
 18  7   1.3  32.2   28   WSW
 18  8   2.0  49.9    7   WSW
 18  9   1.9  38.6   23   WSW
 18 10   2.2  41.8   28   WSW
 18 11   3.0  37.0   19     E
 18 12   5.6  59.5    8    SW
---------------------------------
         3.2  66.0  JAN  WSW