NOAA style reports

Rapports climatiques NOAA

Select NOAA data to display

Selectionner un mois ou une annee

Report for 2017 Jul
                   MONTHLY CLIMATOLOGICAL SUMMARY for JUL. 2017

NAME: meteo   CITY: ticheville   STATE: France 
ELEV:   216 m  LAT:  48° 54' 30" N  LONG:   0° 16' 00" E

                   TEMPERATURE (°C), RAIN  (mm), WIND SPEED (km/hr)

                                      HEAT  COOL        AVG
    MEAN                              DEG   DEG         WIND                 DOM
DAY TEMP  HIGH   TIME   LOW    TIME   DAYS  DAYS  RAIN  SPEED HIGH   TIME    DIR
------------------------------------------------------------------------------------
 1  14.9  19.7   18:50  12.6    0:05   3.5   0.1   0.6   4.2  25.7    9:50   WSW
 2  15.9  22.4   17:45  11.1    2:30   3.2   0.8   0.6   1.9  22.5   10:55   WSW
 3  15.9  22.1   16:15  11.9    4:15   2.9   0.5   0.0   2.3  19.3   12:40   WSW
 4  18.7  26.8   18:05  10.8    6:10   2.3   2.7   0.0   0.6  14.5   13:20   WSW
 5  22.8  31.7   17:25  14.1    6:15   1.1   5.6   0.0   1.9  20.9   15:45   ENE
 6  26.6  34.4   13:40  19.9    7:00   0.0   8.2   0.0   2.1  27.4   18:05   WSW
 7  22.9  30.5   16:25  16.4    6:40   0.2   4.8   0.0   1.3  19.3   17:15   WSW
 8  20.1  26.9   15:30  13.7    5:35   1.2   3.0   0.0   1.6  19.3   15:40   NNE
 9  21.1  29.3   17:00  14.3    6:45   1.0   3.8   0.0   0.8  17.7   16:45   NNE
10  17.6  22.3   16:50  14.6   00:00   1.4   0.7   3.2   3.9  29.0   17:35   WSW
11  17.2  22.9   16:05  12.8    3:15   2.0   0.9   1.0   2.7  29.0   14:10    SW
12  17.2  19.1   19:55  15.3    0:15   1.1   0.1   3.6   3.2  25.7    6:50   WSW
13  18.2  24.6   16:10  13.6    6:55   1.7   1.5   0.0   1.8  17.7   19:15    NE
14  15.4  20.6   15:55   9.9    5:35   3.3   0.4   0.0   2.3  29.0   11:25   WSW
15  17.3  25.2   17:15   9.8    5:05   3.0   2.0   0.0   1.1  19.3   16:05   WSW
16  18.4  26.9   18:35  13.1    4:30   1.8   2.0   0.0   1.1  17.7   18:50   WSW
17  21.3  28.8   18:30  15.3    2:10   0.9   3.9   0.0   2.6  20.9   23:45    NE
18  24.5  32.9   16:05  16.7    6:40   0.2   6.4   0.2   3.4  24.1    1:45   ENE
19  22.4  24.9   15:35  19.3   00:00   0.0   4.1   0.0   1.9  20.9   13:00    SW
20  16.9  20.0   17:25  12.7   00:00   1.5   0.2   0.6   4.8  30.6   10:45    SW
21  16.3  22.8   13:45  10.1    4:30   2.8   0.9   0.0   1.1  17.7   15:50    SW
22  15.2  19.2   13:15  12.9    7:40   3.2   0.0   2.8   2.4  38.6   15:35    SW
23  14.9  20.3   13:50  12.1    3:50   3.5   0.2   3.6   3.5  27.4   12:55    SW
24  14.4  16.4   15:05  12.3    0:45   3.9   0.0   1.6   4.3  25.7    8:20   WSW
25  18.0  23.7   15:45  14.6    2:50   1.6   1.3   0.0   2.1  19.3   14:55   WSW
26  16.5  20.2   18:45  11.4    5:05   2.2   0.4   1.8   1.1  27.4   22:30    SW
27  17.0  20.9   16:40  13.9    6:50   1.6   0.3   0.2   3.5  32.2   16:10   WSW
28  17.0  21.2   15:35  13.1    6:00   2.0   0.7   0.0   2.6  20.9   13:45    SW
29  19.9  26.0   17:15  16.4    5:35   0.5   2.2   0.0   3.4  27.4   18:15    SW
30  18.8  24.4   14:45  14.8   00:00   0.6   1.2   0.4   5.8  32.2    0:55    SW
31  17.4  24.2   16:30  12.8    4:15   2.2   1.4   0.0   0.6  14.5   11:10   WSW
-------------------------------------------------------------------------------------
    18.4  34.4     6     9.8    15    56.8  60.2  20.2   2.5  38.6    22     WSW

Max >=  32.0:  2
Max <=   0.0:  0
Min <=   0.0:  0
Min <= -18.0:  0
Max Rain: 3.61 ON 12/07/17
Days of Rain: 13 (> .2 mm) 4 (> 2 mm) 0 (> 20 mm)
Heat Base:  18.3  Cool Base:  18.3  Method: Integration