NOAA style reports

Rapports climatiques NOAA

Select NOAA data to display

Selectionner un mois ou une annee

Report for 2017 Jun
                   MONTHLY CLIMATOLOGICAL SUMMARY for JUN. 2017

NAME: meteo   CITY: ticheville   STATE: France 
ELEV:   216 m  LAT:  48° 54' 30" N  LONG:   0° 16' 00" E

                   TEMPERATURE (°C), RAIN  (mm), WIND SPEED (km/hr)

                                      HEAT  COOL        AVG
    MEAN                              DEG   DEG         WIND                 DOM
DAY TEMP  HIGH   TIME   LOW    TIME   DAYS  DAYS  RAIN  SPEED HIGH   TIME    DIR
------------------------------------------------------------------------------------
 1  19.8  26.2   16:55  12.9    6:00   1.6   3.0   0.0   1.0  17.7   12:25   ENE
 2  19.8  26.1   13:05  13.8   00:00   0.9   2.4   0.0   0.5  20.9   16:00     E
 3  13.9  17.9   17:10   9.9   23:55   4.4   0.0   0.6   0.3  14.5   15:30     W
 4  14.6  20.2   18:15   9.0    6:30   4.0   0.3   0.0   2.9  17.7   13:25   WSW
 5  15.4  21.0   12:45   9.8    6:15   3.2   0.3   0.0   2.4  30.6   23:15   SSW
 6  12.5  16.2   16:10   9.6    5:10   5.8   0.0   6.0  13.2  54.7   14:25    SW
 7  13.8  19.8   16:55   8.8    6:10   4.6   0.1   0.0   6.1  32.2   11:10    SW
 8  18.0  26.3   15:55  10.7    6:25   2.5   2.3   1.6   1.4  17.7    9:25    SW
 9  17.3  21.2   18:05  13.3    7:10   1.7   0.7   0.0   3.9  30.6   13:25   WSW
10  19.9  27.4   17:15  12.0    6:20   1.8   3.4   0.0   0.6  14.5   11:15    SW
11  19.8  27.7   14:05  14.1   23:25   1.3   2.8   0.0   1.4  24.1   18:05    SW
12  14.7  19.8   16:45  10.0    6:15   3.7   0.1   0.0   3.4  22.5   11:15   WSW
13  16.0  22.9   17:35   7.4    6:35   3.6   1.3   0.0   1.8  19.3   13:05    NE
14  21.2  30.6   17:30  12.9    4:15   1.7   4.5   0.0   1.4  16.1   11:35   ENE
15  20.0  26.4   14:15  13.8   00:00   0.8   2.5   0.0   3.4  32.2   15:20   WSW
16  16.4  22.7   17:05  10.7    5:50   3.0   1.1   0.0   2.6  22.5   17:35   WSW
17  19.7  28.1   16:45  10.6    5:55   2.4   3.8   0.0   1.1  22.5   13:50    NE
18  22.7  29.7   16:10  15.4    6:35   0.7   5.0   0.0   3.4  25.7   10:40   ENE
19  25.0  33.2   16:50  16.2    5:20   0.3   7.0   0.0   1.4  19.3   10:55    NE
20  27.1  34.4   15:20  18.6    6:40   0.0   8.8   0.0   1.6  19.3   18:10   ENE
21  29.2  37.4   15:40  22.1    6:55   0.0  10.8   0.0   1.1  16.1   17:55   WSW
22  22.8  29.1   12:50  16.3   23:45   0.1   4.6   0.0   2.3  24.1   13:05   WSW
23  16.5  19.7   17:25  14.2    3:45   1.9   0.1   0.0   4.0  22.5   11:25   WSW
24  18.8  25.9   16:15  11.9    6:15   1.9   2.5   0.0   3.5  29.0   16:50   WSW
25  20.1  26.2   15:20  14.6    7:05   0.7   2.5   0.0   5.8  32.2   17:05   WSW
26  20.5  27.7   15:55  14.9    2:40   1.3   3.5   0.0   1.3  16.1    7:55    NE
27  18.3  23.0   14:05  15.1   23:15   0.8   0.8   0.6   1.1  20.9   18:15   NNE
28  16.3  21.8   12:35  13.4    6:55   2.3   0.2   9.8   3.7  33.8   16:40   WSW
29  15.6  21.2   13:15  12.4    4:55   3.1   0.4   3.2   1.8  20.9   10:15   WSW
30  14.5  18.6   13:10  12.6   00:00   3.8   0.0  17.4   1.3  19.3   16:35   WSW
-------------------------------------------------------------------------------------
    18.7  37.4    21     7.4    13    63.7  74.6  39.2   2.7  54.7     6     WSW

Max >=  32.0:  3
Max <=   0.0:  0
Min <=   0.0:  0
Min <= -18.0:  0
Max Rain: 17.40 ON 30/06/17
Days of Rain: 7 (> .2 mm) 4 (> 2 mm) 0 (> 20 mm)
Heat Base:  18.3  Cool Base:  18.3  Method: Integration