NOAA style reports

Rapports climatiques NOAA

Select NOAA data to display

Selectionner un mois ou une annee
2017 > Jan Feb Mar Apr May Jun Jul Aug Sep Oct Nov Dec

Report for 2017 May
                   MONTHLY CLIMATOLOGICAL SUMMARY for MAY. 2017

NAME: meteo   CITY: ticheville   STATE: France 
ELEV:   216 m  LAT:  48° 54' 30" N  LONG:   0° 16' 00" E

                   TEMPERATURE (°C), RAIN  (mm), WIND SPEED (km/hr)

                                      HEAT  COOL        AVG
    MEAN                              DEG   DEG         WIND                 DOM
DAY TEMP  HIGH   TIME   LOW    TIME   DAYS  DAYS  RAIN  SPEED HIGH   TIME    DIR
------------------------------------------------------------------------------------
 1   8.4  13.9   14:50   4.6    3:50   9.9   0.0   8.6   6.3  41.8   15:55    SW
 2  10.1  16.6   17:10   6.0    5:20   8.2   0.0   2.8   1.6  20.9   18:10   ENE
 3   9.3  13.4   16:10   7.4    7:00   9.0   0.0   2.6   0.6  17.7   15:00   NNE
 4  10.2  15.2   17:20   7.0    7:10   8.1   0.0   0.2   3.1  22.5   11:55   NNE
 5  11.9  15.9   16:40   8.9    6:30   6.4   0.0   0.0   8.7  32.2   18:40   ENE
 6  10.7  13.1   16:00   9.5    4:05   7.6   0.0   3.8   2.9  22.5    0:10     W
 7  11.1  15.0   15:20   8.6   23:55   7.2   0.0   0.2   1.9  20.9   13:40   WSW
 8   8.9  13.9   14:50   5.4    4:55   9.4   0.0   0.0   1.8  25.7   13:30   NNE
 9  10.4  16.2   16:45   4.9    6:20   7.9   0.0   0.0   6.8  29.0   18:25   ENE
10  12.7  20.3   17:50   4.1    6:45   5.8   0.2   0.0   5.0  27.4   11:20     E
11  14.5  19.4   11:25  12.1    6:20   3.8   0.0   1.4   0.8  22.5   11:15   ESE
12  14.0  19.3   17:15  10.5    6:40   4.3   0.0   1.6   1.4  25.7   15:45    SW
13  14.3  19.6   17:30  11.3    6:20   4.0   0.0   0.2   3.1  24.1   17:55    SW
14  14.2  19.4   17:10  10.6    1:55   4.1   0.0   0.2   2.4  25.7   15:55   WSW
15  16.7  23.7   17:50   9.1    3:45   3.2   1.6   0.0   0.3  16.1   10:00    SW
16  21.1  28.1   14:35  15.8    6:30   0.7   3.5   0.0   0.5  16.1   15:05    SW
17  19.7  29.3   14:15  14.5   23:00   1.3   2.7  11.0   0.6  25.7   16:45    SW
18  11.4  14.7    0:05   8.4   20:45   6.9   0.0  16.6   2.3  24.1   18:25   WSW
19   9.2  14.6   13:05   5.6    5:45   9.1   0.0   9.6   1.9  22.5   10:25   WSW
20  11.1  18.1   16:20   4.3    7:05   7.2   0.0   0.2   1.1  19.3   15:35    SW
21  14.6  22.4   15:30   6.5    5:25   4.4   0.8   0.0   1.6  22.5   18:05     E
22  18.3  26.6   17:05  10.9    6:35   2.5   2.5   0.0   1.1  16.1   16:00   ENE
23  16.8  22.7   18:30  11.4    6:40   2.6   1.1   0.0   1.9  19.3   15:55   WSW
24  16.2  20.3   13:55  12.8    2:15   2.6   0.5   0.0   1.0  19.3   18:25    NE
25  19.1  25.4   16:55  12.3    6:45   1.8   2.6   0.0   4.5  25.7   12:05   ENE
26  20.4  26.6   15:45  13.5    6:00   1.2   3.3   0.0   4.3  30.6   14:15     E
27  22.3  28.0   17:10  17.4   00:00   0.0   4.0   0.0   1.6  20.9   11:35   WSW
28  21.2  29.1   16:45  14.8    5:55   0.9   3.9   0.0   1.9  19.3    8:55    NE
29  19.8  22.8   10:10  16.3   00:00   0.3   1.8   0.2   1.4  25.7   12:45    SW
30  15.6  18.5   15:30  12.8    6:25   2.7   0.0   0.0   2.4  20.9   12:30   WSW
31  16.6  23.3   17:20   9.0    6:35   3.0   1.3   0.0   0.8  14.5   13:30   NNE
-------------------------------------------------------------------------------------
    14.5  29.3    17     4.1    10   146.1  29.8  59.2   2.4  41.8     1     WSW

Max >=  32.0:  0
Max <=   0.0:  0
Min <=   0.0:  0
Min <= -18.0:  0
Max Rain: 16.61 ON 18/05/17
Days of Rain: 15 (> .2 mm) 7 (> 2 mm) 0 (> 20 mm)
Heat Base:  18.3  Cool Base:  18.3  Method: Integration