NOAA style reports

Rapports climatiques NOAA

Select NOAA data to display

Selectionner un mois ou une annee
2017 > Jan Feb Mar Apr May Jun Jul Aug Sep Oct Nov Dec

Report for 2017 Apr
                   MONTHLY CLIMATOLOGICAL SUMMARY for APR. 2017

NAME: meteo   CITY: ticheville   STATE: France 
ELEV:   216 m  LAT:  48° 54' 30" N  LONG:   0° 16' 00" E

                   TEMPERATURE (°C), RAIN  (mm), WIND SPEED (km/hr)

                                      HEAT  COOL        AVG
    MEAN                              DEG   DEG         WIND                 DOM
DAY TEMP  HIGH   TIME   LOW    TIME   DAYS  DAYS  RAIN  SPEED HIGH   TIME    DIR
------------------------------------------------------------------------------------
 1  10.7  15.6   15:55   7.4    5:50   7.6   0.0   3.8   3.5  25.7   16:35    SW
 2  10.1  15.9   18:35   6.9    7:10   8.2   0.0   0.2   0.8  12.9   13:55     W
 3  10.4  19.3   15:05   1.4    7:25   7.9   0.0   0.0   1.1  19.3   16:15   WSW
 4   9.9  14.0   16:55   6.6    8:15   8.4   0.0   0.4   1.1  17.7   16:00     N
 5  10.7  15.5   16:40   5.9   00:00   7.6   0.0   0.4   3.1  33.8   14:05     N
 6   9.0  15.4   16:10   2.7    7:00   9.3   0.0   0.0   2.6  29.0   13:05   NNE
 7  10.5  17.9   17:05   2.3    7:45   7.8   0.0   0.0   2.1  19.3   15:05   ENE
 8  14.0  20.8   16:45   6.7    7:35   4.8   0.5   0.0   3.1  19.3   17:15     E
 9  17.8  26.8   17:30   9.2    7:45   3.4   2.8   0.0   0.8  14.5   20:55   ESE
10  11.2  17.0   15:30   5.7   00:00   7.2   0.0   0.0   1.6  22.5   13:55     W
11   8.7  15.9   15:35   3.5    7:25   9.6   0.0   0.0   1.0  16.1   14:20   NNE
12   9.2  16.3   15:20   2.3    6:55   9.2   0.0   0.0   3.9  29.0   14:30   WSW
13   9.7  14.1   16:00   5.3    4:20   8.6   0.0   0.0   1.8  16.1    2:05   WSW
14  10.2  14.9   17:00   6.2    7:40   8.1   0.0   0.0   1.4  17.7   13:00   WSW
15   9.4  13.5   14:55   7.3    2:05   8.9   0.0   3.2   2.4  24.1   10:55   WSW
16   8.9  13.1   15:40   4.3    6:25   9.4   0.0   0.0   3.4  27.4   15:35     W
17   9.0  12.7   15:20   4.8   00:00   9.3   0.0   0.0   3.5  24.1    8:50   WSW
18   7.6  12.1   15:55   4.1    0:45  10.7   0.0   0.0   3.2  38.6   16:10     N
19   6.7  12.2   14:35   0.7    6:40  11.6   0.0   0.0   5.0  35.4   16:20   NNE
20   6.4  13.1   16:50  -0.9    7:10  11.9   0.0   0.0   2.6  20.9   14:55   ENE
21   9.2  17.8   16:10  -0.4    7:15   9.1   0.0   0.0   1.4  17.7   13:40   ENE
22   9.2  14.9   15:35   3.6    7:15   9.1   0.0   0.0   1.3  25.7   17:10     N
23   9.3  15.1   16:25   3.5    7:05   9.0   0.0   0.0   2.7  20.9   12:15   ENE
24   9.8  16.8   14:35   1.9    7:05   8.5   0.0   0.0   1.1  17.7   13:15     W
25   7.1  11.0   15:15   1.2   23:55  11.2   0.0   0.4   2.4  24.1    4:25     N
26   3.7   9.4   13:50  -1.6    7:20  14.6   0.0   2.6   1.3  24.1   12:50     N
27   5.6  12.3   16:55   0.1    6:35  12.7   0.0   0.2   1.9  27.4   13:55     W
28   8.2  14.9   15:55   3.7    3:20  10.1   0.0   3.6   2.7  22.5   15:30   WSW
29  10.7  18.7   14:50   3.5    7:10   7.6   0.0   0.0   2.7  24.1   12:45     E
30   9.6  14.3   14:25   6.4    4:50   8.7   0.0   3.0   3.7  25.7   10:40   ESE
-------------------------------------------------------------------------------------
     9.4  26.8     9    -1.6    26   269.9   3.3  17.8   2.3  38.6    18     WSW

Max >=  32.0:  0
Max <=   0.0:  0
Min <=   0.0:  3
Min <= -18.0:  0
Max Rain: 3.81 ON 01/04/17
Days of Rain: 10 (> .2 mm) 5 (> 2 mm) 0 (> 20 mm)
Heat Base:  18.3  Cool Base:  18.3  Method: Integration