NOAA style reports

Rapports climatiques NOAA

Select NOAA data to display

Selectionner un mois ou une annee
2017 > Jan Feb Mar Apr May Jun Jul Aug Sep Oct Nov Dec

Report for 2017 Mar
                   MONTHLY CLIMATOLOGICAL SUMMARY for MAR. 2017

NAME: meteo   CITY: ticheville   STATE: France 
ELEV:   216 m  LAT:  48° 54' 30" N  LONG:   0° 16' 00" E

                   TEMPERATURE (°C), RAIN  (mm), WIND SPEED (km/hr)

                                      HEAT  COOL        AVG
    MEAN                              DEG   DEG         WIND                 DOM
DAY TEMP  HIGH   TIME   LOW    TIME   DAYS  DAYS  RAIN  SPEED HIGH   TIME    DIR
------------------------------------------------------------------------------------
 1   7.2  11.1   15:45   4.8    7:05  11.1   0.0  12.2  10.0  45.1   19:25    SW
 2   6.9  11.1   15:55   3.0    8:00  11.4   0.0   0.2   7.6  38.6    1:00    SW
 3   9.4  14.8   15:35   5.0    1:25   8.8   0.0   2.4   3.4  20.9   11:40    SE
 4   7.7  11.0    0:15   4.8   00:00  10.6   0.0   6.2   6.1  33.8   18:10    SW
 5   5.9   9.3   13:35   3.5    4:55  12.4   0.0   6.0  13.2  56.3   13:55   WSW
 6   4.9   6.6    1:05   1.4   12:20  13.3   0.0  17.4   8.0  38.6   16:00   WSW
 7   6.4   9.0   15:10   3.9    4:45  11.9   0.0   0.2   4.5  33.8    1:10     W
 8  10.0  12.2   14:55   6.2    0:05   8.3   0.0   4.2   8.7  29.0   17:35    SW
 9  11.4  12.6   16:20  10.7    4:50   6.9   0.0   1.8   5.3  25.7   12:20    SW
10  11.2  14.9   17:30   8.7   23:45   7.1   0.0   0.4   0.8  14.5   10:55   ESE
11  11.2  18.7   15:15   4.4    7:50   7.1   0.0   0.2   0.6  14.5   16:25    SE
12   9.5  10.6    9:35   7.8   19:30   8.8   0.0   0.2   0.8  22.5   17:40   WSW
13   8.9  12.1   16:20   4.1   23:55   9.4   0.0   0.2   0.8  19.3    5:55    NW
14   6.9  11.2   16:05   2.2    5:55  11.4   0.0   0.0   0.6  16.1   15:30     W
15   9.8  13.3   16:00   6.6   23:35   8.5   0.0   0.2   1.1  14.5   13:05   ENE
16  11.3  21.4   16:35   2.4    7:10   7.4   0.5   0.2   1.0  17.7   19:50   SSE
17   8.4  11.9   14:25   6.3   21:20   9.9   0.0   0.0   3.1  29.0   20:30   WSW
18   9.5  11.1   14:30   6.4    0:15   8.8   0.0   2.4  15.3  49.9   10:00   WSW
19  10.3  12.2   17:20   8.9   23:10   8.0   0.0   0.0  11.7  40.2    9:20   WSW
20   9.7  11.5   17:45   7.7    3:40   8.6   0.0   0.8   8.2  33.8   12:30    SW
21   7.4  10.8   16:30   3.0   23:20  10.9   0.0   0.0   4.0  22.5   12:20     W
22   5.6   9.2   15:40   2.1    2:45  12.7   0.0   0.6   3.5  27.4    9:40    SE
23   5.8   7.6   17:20   3.7    3:35  12.2   0.0   8.6   1.0  16.1   13:50    SE
24   8.1  13.0   17:15   2.7    6:30  10.2   0.0   0.2   5.0  29.0   20:10   ENE
25  10.8  16.4   13:45   6.1    7:10   7.5   0.0   0.0  11.7  40.2   17:30   ENE
26  10.6  17.0   15:30   4.7    8:00   7.4   0.0   0.0   4.7  22.5    1:50   ENE
27  12.6  18.9   14:30   6.5    4:00   5.8   0.0   0.0   2.7  20.9   14:45     E
28  11.3  16.6   15:55   7.4    7:35   7.0   0.0   0.2   3.7  25.7   13:50    SW
29  14.1  20.5   15:35   8.3    3:25   4.6   0.3   0.0   1.8  16.1   14:30   SSW
30  16.9  23.3   15:25  11.6    8:05   2.6   1.2   0.0   2.1  24.1   14:40    SE
31  14.0  17.2   16:35  10.1   23:45   4.3   0.0   1.6   4.5  27.4   14:35    SW
-------------------------------------------------------------------------------------
     9.5  23.3    30     1.4     6   275.1   2.1  66.4   5.0  56.3     5     WSW

Max >=  32.0:  0
Max <=   0.0:  0
Min <=   0.0:  0
Min <= -18.0:  0
Max Rain: 17.40 ON 06/03/17
Days of Rain: 22 (> .2 mm) 8 (> 2 mm) 0 (> 20 mm)
Heat Base:  18.3  Cool Base:  18.3  Method: Integration