NOAA style reports

Rapports climatiques NOAA

Select NOAA data to display

Selectionner un mois ou une annee
2017 > Jan Feb Mar Apr May Jun Jul Aug Sep Oct Nov Dec

Report for 2017 Feb
                   MONTHLY CLIMATOLOGICAL SUMMARY for FEB. 2017

NAME: meteo   CITY: ticheville   STATE: France 
ELEV:   216 m  LAT:  48° 54' 30" N  LONG:   0° 16' 00" E

                   TEMPERATURE (°C), RAIN  (mm), WIND SPEED (km/hr)

                                      HEAT  COOL        AVG
    MEAN                              DEG   DEG         WIND                 DOM
DAY TEMP  HIGH   TIME   LOW    TIME   DAYS  DAYS  RAIN  SPEED HIGH   TIME    DIR
------------------------------------------------------------------------------------
 1   8.9  10.4    0:05   8.3   20:50   9.4   0.0   1.8   2.7  19.3   14:35   SSE
 2   8.9  10.1   15:20   7.9    3:05   9.4   0.0   0.8   6.6  30.6   12:50   SSE
 3   6.7   9.7   12:05   4.7   23:15  11.6   0.0   2.8   6.8  43.5   13:10    SE
 4   5.3   8.4   16:35   2.6    9:35  13.0   0.0   9.0   5.0  33.8    7:40   SSE
 5   5.8   8.9   15:20   3.5   23:05  12.5   0.0   5.0   4.3  37.0   22:05     E
 6   5.0   7.8   15:20   1.7    9:20  13.3   0.0   0.4   1.6  25.7   00:00   SSE
 7   7.3  11.0   14:05   4.2   00:00  11.0   0.0   3.2   4.8  32.2    7:55     W
 8   4.5   7.2   14:40   2.7    3:40  13.8   0.0   0.0   0.6  12.9   11:55     W
 9   2.6   5.7   13:25   0.2    5:30  15.7   0.0   0.0   4.2  24.1   23:35   ENE
10   2.0   4.3   15:15  -1.0   23:55  16.3   0.0   0.0   4.7  24.1   15:35   ENE
11  -0.1   1.9   16:30  -1.7   22:10  18.4   0.0   0.0   0.8  14.5    5:05     N
12   1.4   5.7   00:00  -1.9    0:35  16.8   0.0   0.0   7.7  32.2   21:20   ENE
13   7.1  11.9   15:25   3.8    8:25  11.3   0.0   0.0  11.4  33.8   11:20     E
14   8.4  11.6   14:30   4.8    0:15   9.9   0.0   0.0   4.2  27.4    1:00     E
15   9.8  12.7   15:40   6.5   00:00   8.5   0.0   0.0   2.4  22.5    6:25   SSE
16   7.2  12.9   15:20   1.2   00:00  11.1   0.0   0.4   0.6  16.1   15:55     W
17   5.6  13.2   16:35  -0.2    8:20  12.7   0.0   0.2   0.3   9.7   13:25   ESE
18   6.9  13.8   14:10   2.3    8:20  11.4   0.0   0.2   1.1  16.1   15:00   ESE
19   6.1  10.0   12:35   1.6    6:20  12.3   0.0   0.0   3.7  22.5   15:15   WSW
20   9.1  11.4   15:10   7.3    6:20   9.2   0.0   0.2   7.1  30.6   17:45    SW
21   9.3  10.8   15:15   7.7    7:35   9.0   0.0   0.2  10.3  30.6    4:30   WSW
22   9.6  10.6   16:20   8.8    7:05   8.7   0.0   0.0  11.7  38.6    7:25    SW
23   8.4  11.3   14:35   5.6   23:35   9.9   0.0   1.2  13.8  56.3   14:05    SW
24   4.9   9.2   15:20   0.9   23:55  13.4   0.0   0.2   3.1  29.0    0:10     W
25   5.7  11.7   15:25   0.2    2:30  12.6   0.0   0.0   3.4  22.5   15:25   SSW
26   9.0  12.1   15:15   6.4    1:00   9.3   0.0   0.0   8.2  32.2   15:35   SSW
27   7.2   9.4    0:20   2.9   00:00  11.1   0.0  19.0  12.4  59.5   16:15   SSW
28   4.5   7.4   16:45   2.7    8:30  13.8   0.0  10.0  11.3  43.5   17:30    SW
-------------------------------------------------------------------------------------
     6.3  13.8    18    -1.9    12   335.5   0.0  54.6   5.5  59.5    27      SW

Max >=  32.0:  0
Max <=   0.0:  0
Min <=   0.0:  4
Min <= -18.0:  0
Max Rain: 19.00 ON 27/02/17
Days of Rain: 16 (> .2 mm) 6 (> 2 mm) 0 (> 20 mm)
Heat Base:  18.3  Cool Base:  18.3  Method: Integration