NOAA style reports

Rapports climatiques NOAA

Select NOAA data to display

Selectionner un mois ou une annee

Report for 2017 Jan
                   MONTHLY CLIMATOLOGICAL SUMMARY for JAN. 2017

NAME: meteo   CITY: ticheville   STATE: France 
ELEV:   216 m  LAT:  48° 54' 30" N  LONG:   0° 16' 00" E

                   TEMPERATURE (°C), RAIN  (mm), WIND SPEED (km/hr)

                                      HEAT  COOL        AVG
    MEAN                              DEG   DEG         WIND                 DOM
DAY TEMP  HIGH   TIME   LOW    TIME   DAYS  DAYS  RAIN  SPEED HIGH   TIME    DIR
------------------------------------------------------------------------------------
 1  -2.3   0.3   22:45  -6.9    0:40  20.6   0.0   0.0   1.0  14.5   11:30     S
 2   1.4   3.6   14:40  -1.1   23:30  16.9   0.0   0.0   1.9  22.5   13:00    NE
 3  -0.4   4.2   15:30  -4.5    9:15  18.7   0.0   0.2   1.6  14.5   15:30   WSW
 4   3.5   5.8   14:10  -1.4    0:10  14.8   0.0   0.2   3.4  25.7    6:55     W
 5   1.3   5.4   12:50  -2.1    9:05  17.0   0.0   0.2   0.5  11.3   13:35   NNE
 6  -0.3   3.1   15:30  -4.2    9:20  18.6   0.0   0.2   0.2   9.7    3:45    SE
 7   0.9   3.6   23:55  -1.3    0:25  17.4   0.0   1.4   1.4  16.1   13:45    SW
 8   6.7   8.9   15:00   3.6    0:05  11.7   0.0   2.4   0.2   9.7   15:40     W
 9   7.0   8.0   22:45   5.9   00:00  11.3   0.0   4.6   4.7  29.0   22:10    SW
10   5.3   7.1   14:05   3.8    8:55  12.9   0.0   1.6   2.3  22.5    4:10     W
11   7.7  10.6   13:55   4.7    0:05  10.6   0.0   0.6   6.1  40.2   14:55   WSW
12   5.3   7.8   18:15   2.5   23:30  12.9   0.0   5.2   8.5  78.9   18:35    SW
13   2.4   4.9   14:20   0.7    5:45  15.9   0.0   3.4   6.4  40.2   14:15     W
14   2.7   6.9   15:25  -0.2    6:30  15.7   0.0   7.0   2.3  24.1   15:20     W
15   4.4   7.7   21:55   1.8    1:55  13.9   0.0   6.2   1.8  22.5   23:15     W
16   2.9   7.4    0:05  -1.1   22:30  15.4   0.0   0.2   2.4  24.1    2:15     E
17  -0.8   1.6   15:40  -3.0   00:00  19.1   0.0   0.0   4.0  22.5   21:50   ENE
18  -2.2   1.3   16:00  -5.2    7:40  20.5   0.0   0.0   6.1  25.7   15:15    NE
19  -2.3   0.1   15:45  -4.4    8:45  20.7   0.0   0.0   6.9  27.4    9:40   ENE
20  -3.2  -0.2   13:35  -6.0    8:50  21.5   0.0   0.0   4.0  17.7   11:15     E
21  -2.5   4.6   15:25  -8.2    7:05  20.8   0.0   0.2   0.3  11.3   12:05   SSE
22   0.6   7.8   14:25  -4.9    5:50  17.8   0.0   0.0   1.1  12.9   15:20   ENE
23   1.1   7.0   13:50  -3.8    9:25  17.2   0.0   0.0   1.0  16.1   13:50    NE
24   0.9   7.7   14:50  -3.3    3:05  17.4   0.0   0.0   0.2  12.9   15:35   WNW
25  -0.9   1.0   14:20  -2.5   23:50  19.2   0.0   0.0   4.2  20.9   16:20     E
26  -0.7   5.6   15:20  -4.9    8:45  19.0   0.0   0.0   4.8  22.5    3:40   ESE
27   4.7  10.7   14:55  -0.9    0:40  13.6   0.0   0.0   5.5  24.1   22:55    SE
28   7.0   9.0   15:15   4.9   00:00  11.3   0.0   0.8   3.9  27.4    0:50    SW
29   5.1   8.2   23:40   1.4    7:45  13.2   0.0   2.2   3.7  25.7   00:00     S
30   9.4  10.9   14:35   7.4    3:05   8.9   0.0   1.4   4.3  27.4    0:20    SW
31  10.8  12.2   13:45   9.8    6:05   7.4   0.0   0.4   0.8  17.7   22:25    SE
-------------------------------------------------------------------------------------
     2.4  12.2    31    -8.2    21   491.8   0.0  38.4   3.1  78.9    12      SW

Max >=  32.0:  0
Max <=   0.0:  1
Min <=   0.0: 20
Min <= -18.0:  0
Max Rain: 7.01 ON 14/01/17
Days of Rain: 19 (> .2 mm) 7 (> 2 mm) 0 (> 20 mm)
Heat Base:  18.3  Cool Base:  18.3  Method: Integration