NOAA style reports

Rapports climatiques NOAA

Select NOAA data to display

Selectionner un mois ou une annee

Report for 2017
                            ANNUAL CLIMATOLOGICAL SUMMARY

NAME: meteo  CITY: ticheville   STATE: France  
ELEV:   216 m  LAT:  48° 54' 30" N  LONG:   0° 16' 00" E

               TEMPERATURE (°C), HEAT BASE 18.3, COOL BASE 18.3
                          DEP.  HEAT  COOL                                          
        MEAN  MEAN        FROM  DEG   DEG                        MAX  MAX  MIN  MIN 
 YR MO  MAX   MIN   MEAN  NORM  DAYS  DAYS  HI  DATE  LOW  DATE  >=32 <=0  <=0  <=-18 
------------------------------------------------------------------------------------
 17  1   5.9  -0.8   2.4   0.0   492     0  12.2  31  -8.2   21    0    1   20    0
 17  2   9.7   3.3   6.3   0.0   335     0  13.8  18  -1.9   12    0    0    4    0
 17  3  13.5   5.6   9.5   0.0   275     2  23.3  30   1.4    6    0    0    0    0
 17  4  15.4   3.8   9.4   0.0   270     3  26.8   9  -1.6   26    0    0    3    0
 17  5  20.2   9.9  14.5   0.0   146    30  29.3  17   4.1   10    0    0    0    0
 17  6  24.9  12.9  18.7   0.0    64    75  37.4  21   7.4   13    3    0    0    0
 17  7  24.2  13.6  18.4   0.0    57    60  34.4   6   9.8   15    2    0    0    0
 17  8  23.7  12.4  17.5   0.0    69    43  33.8  29   8.2    7    1    0    0    0
 17  9  18.4  10.1  13.6   0.0   144     4  23.6  24   4.9   16    0    0    0    0
 17 10  17.1   9.2  12.9   0.0   172     4  23.4  14   0.7   31    0    0    0    0
 17 11  11.4   5.2   8.2   0.0   246     0  16.9   3   0.8    7    0    0    0    0
 17 12
------------------------------------------------------------------------------------
        16.9   7.8  12.0   0.0  2269   221  37.4 JUN  -8.2  JAN    6    1   27    0

                                PRECIPITATION (mm)

               DEP.   MAX        DAYS OF RAIN 
               FROM   OBS.          OVER
 YR MO  TOTAL  NORM   DAY  DATE  .2   2   20
---------------------------------------------
 17  1  38.4    0.0   7.0   14   19    7    0
 17  2  54.6    0.0  19.0   27   16    6    0
 17  3  66.4    0.0  17.4    6   22    8    0
 17  4  17.8    0.0   3.8    1   10    5    0
 17  5  59.2    0.0  16.6   18   15    7    0
 17  6  39.2    0.0  17.4   30    7    4    0
 17  7  20.2    0.0   3.6   12   13    4    0
 17  8  55.4    0.0  12.8   30   16    8    0
 17  9  79.6    0.0  18.4   13   23   13    0
 17 10  35.8    0.0   7.2   29   22    6    0
 17 11  69.6    0.0  15.2   24   14    9    0
 17 12
---------------------------------------------
       536.3   0.0  19.0  FEB  177   77    0

                                WIND SPEED (km/hr)
                          DOM
 YR MO   AVG.  HI   DATE  DIR
---------------------------------
 17  1   3.1  78.9   12    SW
 17  2   5.5  59.5   27    SW
 17  3   5.0  56.3    5   WSW
 17  4   2.3  38.6   18   WSW
 17  5   2.4  41.8    1   WSW
 17  6   2.7  54.7    6   WSW
 17  7   2.5  38.6   22   WSW
 17  8   1.4  37.0    3   WSW
 17  9   2.3  48.3   11   WSW
 17 10   2.5  48.3   20    SW
 17 11   3.1  41.8   12    SW
 17 12
---------------------------------
         3.0  78.9  JAN  WSW