NOAA style reports

Rapports climatiques NOAA

Select NOAA data to display

Selectionner un mois ou une annee

Report for 2018 10
                   MONTHLY CLIMATOLOGICAL SUMMARY for OCT. 2018

NAME: meteo   CITY: ticheville   STATE: France 
ELEV:   216 m  LAT:  48° 54' 30" N  LONG:   0° 16' 00" E

                   TEMPERATURE (°C), RAIN  (mm), WIND SPEED (km/hr)

                                      HEAT  COOL        AVG
    MEAN                              DEG   DEG         WIND                 DOM
DAY TEMP  HIGH   TIME   LOW    TIME   DAYS  DAYS  RAIN  SPEED HIGH   TIME    DIR
------------------------------------------------------------------------------------
 1  10.8  15.0   15:20   6.7   00:00   7.5   0.0   0.0   1.9  32.2   10:35   NNE
 2  12.2  17.4   19:00   6.6    0:10   6.1   0.0   0.0   5.1  33.8   11:40   WSW
 3  15.9  20.3   16:20  12.0   23:15   2.6   0.2   0.0   1.9  20.9    0:05   WSW
 4  15.5  21.2   15:45  11.8    0:40   3.3   0.5   0.0   0.5  12.9   13:00     E
 5  16.3  24.8   16:00   9.2    6:20   3.7   1.7   0.0   0.2  11.3   16:20   ESE
 6  14.3  17.8   14:40  11.3    8:35   4.0   0.0   0.0   0.5  16.1   12:50   WSW
 7  12.2  14.0    3:45   9.2   23:50   6.1   0.0   0.0   4.5  35.4    5:40   NNE
 8  10.7  17.0   16:30   4.7    7:55   7.6   0.0   0.0   0.6  16.1   15:05   NNE
 9  14.1  22.5   15:50   6.7    4:50   4.8   0.7   0.0   0.6  11.3   12:25     E
10  17.2  23.1   15:40  12.4    8:40   2.0   1.0   0.0   2.3  22.5   19:05     E
11  16.3  20.6   15:30  13.0   23:55   2.3   0.2   0.0   1.6  33.8   19:25    SW
12  16.2  21.1   15:15  12.2    2:15   2.6   0.5   0.0   1.3  22.5   15:15    SW
13  19.3  23.5   16:55  15.8    3:45   0.5   1.6   0.0   0.6  20.9    4:30   WSW
14  19.1  21.4   14:50  16.9    7:50   0.2   0.9   0.0   0.8  22.5   12:45     E
15  17.4  22.1   16:15  14.3    9:45   1.5   0.6   0.0   0.3  16.1   13:00   ESE
16  15.0  20.5   16:20  11.3    8:15   3.5   0.2   0.0   0.8  19.3   19:00   WSW
17  14.1  20.6   14:30   7.5    9:05   4.4   0.2   0.0   0.8  16.1   22:05    NE
18  14.1  17.3   16:00  11.9    8:40   4.2   0.0   0.0   4.8  27.4   16:30    NE
19  11.4  15.9   16:50   8.5    7:35   6.9   0.0   0.0   2.1  17.7    1:40   NNE
20  11.0  15.8   16:55   7.1    8:55   7.3   0.0   0.0   2.9  19.3    5:30    NE
21  11.9  18.7   16:15   6.3    6:10   6.4   0.0   0.0   1.1  14.5   13:45    NE
22  12.6  14.5   15:10  10.5    0:30   4.0   0.0   0.0   3.5  29.0   12:15   NNE
23
24
25
26
27
28
29
30
31
-------------------------------------------------------------------------------------
    14.4  24.8     5     4.7     8    91.7   8.2   0.0   1.8  35.4     7     NNE

Max >=  32.0:  0
Max <=   0.0:  0
Min <=   0.0:  0
Min <= -18.0:  0
Max Rain: 0.00 ON 01/10/18
Days of Rain: 0 (> .2 mm) 0 (> 2 mm) 0 (> 20 mm)
Heat Base:  18.3  Cool Base:  18.3  Method: Integration