NOAA style reports

Rapports climatiques NOAA

Select NOAA data to display

Selectionner un mois ou une annee
2018 > Jan Feb Mar Apr May Jun Jul Aug Sep Oct Nov Dec

Report for 2018 08
                   MONTHLY CLIMATOLOGICAL SUMMARY for AUG. 2018

NAME: meteo   CITY: ticheville   STATE: France 
ELEV:   216 m  LAT:  48° 54' 30" N  LONG:   0° 16' 00" E

                   TEMPERATURE (°C), RAIN  (mm), WIND SPEED (km/hr)

                                      HEAT  COOL        AVG
    MEAN                              DEG   DEG         WIND                 DOM
DAY TEMP  HIGH   TIME   LOW    TIME   DAYS  DAYS  RAIN  SPEED HIGH   TIME    DIR
------------------------------------------------------------------------------------
 1  19.3  26.7   17:00  13.9    6:15   1.4   2.4   0.0   1.1  20.9   17:05   NNE
 2  21.1  30.8   17:35  13.2    6:55   1.4   4.2   0.0   1.3  17.7   13:45   ENE
 3  23.8  33.1   17:25  14.7    6:20   0.7   6.2   0.0   1.1  20.9   17:45   NNE
 4  22.5  29.3   14:55  16.2    7:10   0.2   4.4   0.0   1.1  22.5   16:20     W
 5  22.6  30.8   18:10  16.7    6:35   0.3   4.5   0.0   2.1  22.5    5:50    NE
 6  24.6  33.3   17:10  14.8    6:15   0.5   6.8   0.0   0.6  16.1   13:35     W
 7  23.3  30.6   12:10  17.6   21:50   0.0   5.0   0.0   1.4  49.9   18:25   WSW
 8  18.8  23.6   18:15  15.9    6:15   0.8   1.3   0.0   2.9  25.7    1:20   WSW
 9  15.1  17.7   17:40  12.1   23:40   3.2   0.0   0.0   2.7  22.5   14:10   WSW
10  15.9  21.6   15:50  11.2    6:40   2.9   0.5   0.0   4.2  30.6   12:20   WSW
11  18.2  23.4   13:45  13.7    7:20   1.6   1.5   0.0   0.8  17.7   17:30   WSW
12  19.2  25.4   13:55  14.4    6:35   1.1   2.0   0.0   0.5  27.4   18:35   WSW
13  18.1  22.2   16:55  15.4   22:50   0.9   0.7   0.0   4.5  33.8   13:25   WSW
14  17.9  22.1   17:45  14.4    5:45   1.2   0.9   0.0   2.7  22.5   10:50   WSW
15  18.6  21.1   16:30  16.6    7:45   0.5   0.7   0.0   1.8  20.9   13:25   WSW
16  19.2  26.1   12:50  13.7    6:45   1.3   2.2   0.0   1.8  22.5   13:40   WSW
17  16.7  22.0   17:20  13.1    7:00   2.3   0.7   0.0   1.3  17.7   12:20    SW
18  13.4  14.2    0:15  12.7    2:05   0.5   0.0   0.0   0.0   1.6    0:45    SW
19
20
21
22
23
24
25
26
27
28
29
30
31
-------------------------------------------------------------------------------------
    19.3  33.3     6    11.2    10    20.8  44.0   0.0   1.8  49.9     7     WSW

Max >=  32.0:  2
Max <=   0.0:  0
Min <=   0.0:  0
Min <= -18.0:  0
Max Rain: 0.00 ON 01/08/18
Days of Rain: 0 (> .2 mm) 0 (> 2 mm) 0 (> 20 mm)
Heat Base:  18.3  Cool Base:  18.3  Method: Integration