NOAA style reports

Rapports climatiques NOAA

Select NOAA data to display

Selectionner un mois ou une annee
2018 > Jan Feb Mar Apr May Jun Jul Aug Sep Oct Nov Dec

Report for 2018 02
                   MONTHLY CLIMATOLOGICAL SUMMARY for FEB. 2018

NAME: meteo   CITY: ticheville   STATE: France 
ELEV:   216 m  LAT:  48° 54' 30" N  LONG:   0° 16' 00" E

                   TEMPERATURE (°C), RAIN  (mm), WIND SPEED (km/hr)

                                      HEAT  COOL        AVG
    MEAN                              DEG   DEG         WIND                 DOM
DAY TEMP  HIGH   TIME   LOW    TIME   DAYS  DAYS  RAIN  SPEED HIGH   TIME    DIR
------------------------------------------------------------------------------------
 1   3.2   7.3   13:25   1.4    1:15  15.1   0.0   0.0   5.3  27.4    6:40     W
 2   2.9   6.3   13:30   1.0    5:10  15.4   0.0   0.0   2.1  19.3    9:50     W
 3   3.0   5.7   12:30   0.2    4:30  15.3   0.0   0.0   1.9  19.3   13:45     W
 4   2.2   3.9    2:30  -0.6   00:00  16.1   0.0   0.0   8.2  40.2   14:20    NE
 5  -1.3   1.2   13:50  -2.7    7:20  19.6   0.0   0.0   5.6  27.4    0:40    NE
 6   0.1   1.8   15:30  -1.2    8:50  18.2   0.0   0.0   4.5  33.8   12:25     N
 7  -0.9   1.2   16:10  -2.9   23:25  19.2   0.0   0.4   2.1  20.9    2:50   NNE
 8  -0.2   4.8   13:45  -3.4    1:50  18.5   0.0   0.0   0.6  14.5   23:25   SSW
 9   0.9   4.4   14:50  -1.2    1:45  17.4   0.0   0.0   3.9  25.7   16:40     S
10   1.9   5.4   23:55  -1.9    6:05  16.4   0.0   0.0   4.5  24.1   19:10     W
11   4.8   9.2    4:05   0.7   23:50  13.5   0.0   0.0   7.9  35.4   13:55   WSW
12   1.6   5.4   15:45  -2.0    8:45  16.8   0.0   0.0   3.7  27.4   14:40    SW
13   0.7   2.8   22:30  -1.0    2:20  17.6   0.0   0.0   6.0  37.0   10:45   SSE
14   1.8   5.4   00:00  -1.8    7:50  16.5   0.0   0.2   6.1  30.6   17:25   SSE
15   8.5  11.1   11:55   3.3   23:55   9.8   0.0   0.0   3.1  17.7    9:10    SW
16   4.2   8.7   15:30   0.6    5:25  14.2   0.0   0.0   1.8  19.3   17:05     E
17   4.6   9.8   14:40   1.7   23:40  13.7   0.0   0.0   1.1  16.1   15:10     E
18   5.1   9.1   12:50   1.8    0:15  13.2   0.0   0.0   1.3  17.7   13:25   SSE
19   7.9  10.0   00:00   6.2    0:05  10.4   0.0   0.0   0.8  19.3   21:55     S
20   8.4  10.1    0:40   5.5   21:00   9.9   0.0   0.0   3.4  40.2   18:10   NNW
21   2.8   5.7   15:00  -0.7   23:55  15.5   0.0   0.0   5.8  30.6   12:50   NNE
22   0.2   4.6   15:05  -3.0    7:35  18.1   0.0   0.0   5.6  24.1   11:15    NE
23  -0.7   3.1   15:15  -4.1    7:55  19.0   0.0   0.0   7.7  29.0   12:45   ENE
24  -0.2   3.3   15:05  -3.2    7:05  18.4   0.0   0.0   7.4  27.4   16:20   ENE
25  -0.4   2.6   15:15  -3.0    7:50  17.4   0.0   0.0  10.0  35.4    9:55   ENE
26
27
28
-------------------------------------------------------------------------------------
     2.4  11.1    15    -4.1    23   395.2   0.0   0.6   4.4  40.2     4      NE

Max >=  32.0:  0
Max <=   0.0:  0
Min <=   0.0: 15
Min <= -18.0:  0
Max Rain: 0.41 ON 07/02/18
Days of Rain: 2 (> .2 mm) 0 (> 2 mm) 0 (> 20 mm)
Heat Base:  18.3  Cool Base:  18.3  Method: Integration