NOAA style reports

Rapports climatiques NOAA

Select NOAA data to display

Selectionner un mois ou une annee
2019 > Jan Feb Mar Apr May Jun Jul Aug Sep Oct Nov Dec

Report for 2019 02
                   MONTHLY CLIMATOLOGICAL SUMMARY for FEB. 2019

NAME: meteo   CITY: ticheville   STATE: France 
ELEV:   216 m  LAT:  48° 54' 30" N  LONG:   0° 16' 00" E

                   TEMPERATURE (°C), RAIN  (mm), WIND SPEED (km/hr)

                                      HEAT  COOL        AVG
    MEAN                              DEG   DEG         WIND                 DOM
DAY TEMP  HIGH   TIME   LOW    TIME   DAYS  DAYS  RAIN  SPEED HIGH   TIME    DIR
------------------------------------------------------------------------------------
 1   4.2   5.8   12:45   2.2    1:35  14.2   0.0   1.6   1.1  14.5    0:50   SSE
 2   2.9   4.6   15:20   1.3    9:50  15.3   0.0   4.2   2.3  27.4   15:20    NW
 3   3.2   7.1   15:20  -0.4   21:25  15.1   0.0   0.4   1.0  19.3    7:20   WNW
 4   2.3   3.2   16:50   0.8    0:05  16.0   0.0   5.6   5.0  25.7   14:15     S
 5   3.3   5.5   23:15   1.8    2:00  15.0   0.0   0.0   2.3  17.7    4:45   SSE
 6   8.4  10.5   17:25   5.5    0:05   9.8   0.0   6.2   3.2  25.7   23:10     S
 7   7.8  10.3    0:50   4.8    8:25  10.5   0.0   2.0  10.6  41.8    4:35    SW
 8   8.9  11.4   14:20   6.9   22:35   9.3   0.0   6.8   9.3  41.8   21:25   SSW
 9   8.7  11.1   14:20   6.9    4:55   9.6   0.0   4.8  11.6  45.1   12:40    SW
10   7.1  10.6    5:10   4.1   23:40  11.2   0.0  17.8  12.6  59.5   11:00   WSW
11   5.6   8.4   14:45   2.1   00:00  12.7   0.0   0.0   4.2  25.7    5:25   WSW
12   4.8  10.6   15:50   0.2    4:15  13.5   0.0   0.0   1.3  19.3   12:25   WSW
13   5.7  11.8   15:50   0.9    8:25  12.6   0.0   0.0   1.0  14.5   12:25   ESE
14   7.6  15.8   14:50  -0.2    8:20  10.7   0.0   0.0   1.1  12.9    2:50    SE
15   9.3  16.4   13:45   2.4    7:15   9.0   0.0   0.0   0.5  11.3   13:10    SE
16   9.6  16.9   14:00   4.4    7:25   8.8   0.0   0.0   0.3  12.9   12:00   SSE
17  10.5  14.9   15:25   5.4    2:40   7.8   0.0   0.0   3.2  25.7   11:25   SSE
18   8.3  12.1   15:10   4.0    7:35  10.0   0.0   0.0   2.6  20.9   15:35    SW
19   6.8  11.6   15:05   3.5   23:55  11.5   0.0   0.0   1.3  16.1    3:35   WSW
20   7.5  13.8   14:55   2.7    7:20  10.8   0.0   0.0   0.5  17.7   14:40   SSE
21   7.5  14.1   16:40   2.7    8:20  10.8   0.0   0.0   0.6  16.1   12:35   WSW
22   8.7  19.4   15:10  -1.3    6:30   9.6   0.0   0.0   1.0  14.5   16:20     E
23  10.1  16.0   13:25   7.6    8:05   4.6   0.0   0.0   2.9  17.7    6:05     E
24
25
26
27
28
-------------------------------------------------------------------------------------
     6.9  19.4    22    -1.3    22   258.5   0.0  49.4   3.4  59.5    10      SW

Max >=  32.0:  0
Max <=   0.0:  0
Min <=   0.0:  3
Min <= -18.0:  0
Max Rain: 17.81 ON 10/02/19
Days of Rain: 9 (> .2 mm) 7 (> 2 mm) 0 (> 20 mm)
Heat Base:  18.3  Cool Base:  18.3  Method: Integration