NOAA style reports

Rapports climatiques NOAA

Select NOAA data to display

Selectionner un mois ou une annee
2017 > Jan Feb Mar Apr May Jun Jul Aug Sep Oct Nov Dec

Report for 2017 09
                   MONTHLY CLIMATOLOGICAL SUMMARY for SEP. 2017

NAME: meteo   CITY: ticheville   STATE: France 
ELEV:   216 m  LAT:  48° 54' 30" N  LONG:   0° 16' 00" E

                   TEMPERATURE (°C), RAIN  (mm), WIND SPEED (km/hr)

                                      HEAT  COOL        AVG
    MEAN                              DEG   DEG         WIND                 DOM
DAY TEMP  HIGH   TIME   LOW    TIME   DAYS  DAYS  RAIN  SPEED HIGH   TIME    DIR
------------------------------------------------------------------------------------
 1  13.4  18.6   15:35  10.2    7:55   4.9   0.0   4.0   1.0  17.7   14:40   WSW
 2  13.8  20.7   16:35   7.8    5:40   4.6   0.2   0.2   1.0  19.3   13:35   WSW
 3  12.9  16.4   12:45  10.2    2:45   5.4   0.0   5.2   0.5  19.3   22:20   WSW
 4  16.6  20.5   15:55  12.7    0:05   2.2   0.5   0.0   0.6  17.7    0:55    SW
 5  17.8  22.1   15:50  14.7   00:00   1.0   0.5   0.2   4.3  30.6   21:00    SW
 6  14.5  18.2   14:15  11.3    7:50   3.8   0.0   0.2   6.0  30.6    0:45   WSW
 7  13.9  18.6   14:00  10.7    5:15   4.4   0.0   0.0   1.4  22.5   16:55   WSW
 8  14.7  17.2   12:45  12.4   23:55   3.6   0.0   9.6   4.3  37.0   14:55    SW
 9  12.6  16.3   14:10  10.7   23:15   5.7   0.0   7.0   4.5  27.4   14:00   WSW
10  13.6  18.4   16:40   9.8    7:00   4.7   0.0   1.2   4.8  33.8   23:20   WSW
11  12.8  16.6   16:15  10.6    6:15   5.5   0.0   3.0   7.4  48.3   17:45    SW
12  13.2  17.3   14:05  10.4    3:20   5.2   0.0   3.0   5.5  27.4   15:00    SW
13  13.6  15.8    5:10  10.9   23:15   4.8   0.0  18.4   8.5  46.7    6:35   WSW
14  11.7  15.9   16:45   8.0    8:05   6.6   0.0   4.4   8.4  38.6   13:15   WSW
15  10.2  15.5   14:45   6.9    7:10   8.1   0.0   0.8   1.9  27.4   15:25   WSW
16   9.2  16.2   16:25   4.9    8:50   9.1   0.0   7.2   0.5  14.5   14:15     W
17  10.6  15.9   16:35   7.8   00:00   7.7   0.0   0.8   0.3  12.9   15:35   NNE
18  10.3  16.3   13:15   5.3    7:30   8.0   0.0   1.4   1.3  19.3   12:00   WSW
19  11.9  16.0   17:15   8.6   00:00   6.4   0.0   3.8   1.0  14.5   11:20   WSW
20  11.5  18.4   15:00   6.8    5:45   6.8   0.0   0.0   0.2  11.3   14:15   WSW
21  14.0  20.2   16:25   9.3    6:20   4.5   0.2   0.0   0.5  16.1   12:20   WSW
22  13.2  18.3   16:10   8.7    8:30   5.1   0.0   0.2   1.0  16.1   12:30   WSW
23  13.6  20.9   16:10   7.4    2:05   4.6   0.3   0.0   0.6  19.3   14:45   ENE
24
25
26
27
28
29
30
-------------------------------------------------------------------------------------
    13.0  22.1     5     4.9    16   122.8   1.7  70.6   2.8  48.3    11     WSW

Max >=  32.0:  0
Max <=   0.0:  0
Min <=   0.0:  0
Min <= -18.0:  0
Max Rain: 18.39 ON 13/09/17
Days of Rain: 18 (> .2 mm) 10 (> 2 mm) 0 (> 20 mm)
Heat Base:  18.3  Cool Base:  18.3  Method: Integration