NOAA style reports

Rapports climatiques NOAA

Select NOAA data to display

Selectionner un mois ou une annee
2018 > Jan Feb Mar Apr May Jun Jul Aug Sep Oct Nov Dec

Report for 2018 05
                   MONTHLY CLIMATOLOGICAL SUMMARY for MAY. 2018

NAME: meteo   CITY: ticheville   STATE: France 
ELEV:   216 m  LAT:  48° 54' 30" N  LONG:   0° 16' 00" E

                   TEMPERATURE (°C), RAIN  (mm), WIND SPEED (km/hr)

                                      HEAT  COOL        AVG
    MEAN                              DEG   DEG         WIND                 DOM
DAY TEMP  HIGH   TIME   LOW    TIME   DAYS  DAYS  RAIN  SPEED HIGH   TIME    DIR
------------------------------------------------------------------------------------
 1   8.1  14.2   16:10   3.9    6:50  10.3   0.0   0.0   1.4  17.7   12:40   WSW
 2   8.3  11.4   17:45   4.1    5:15  10.0   0.0   0.0   2.3  25.7   12:15   SSW
 3   9.3  15.2   18:05   4.7    5:25   9.0   0.0   0.0   1.1  20.9   14:55   NNE
 4  10.4  17.8   16:25   2.8    7:00   7.9   0.0   0.0   1.8  20.9   16:00   NNE
 5  13.7  22.2   17:55   4.9    6:50   5.4   0.8   0.0   2.1  24.1   14:05   NNE
 6  18.2  25.9   17:05  10.3    6:50   2.6   2.5   0.0   1.8  19.3   13:30   NNE
 7  20.7  27.4   16:35  13.7    6:35   1.0   3.4   0.0   1.1  17.7   14:40   NNE
 8  17.1  25.7   15:05  11.1    6:40   2.8   1.7   0.0   0.8  19.3   22:10   WSW
 9  13.1  18.5   16:10   8.8    6:05   5.3   0.0   0.0   2.1  20.9   12:20   WSW
10  11.3  15.5   16:40   6.2   23:50   6.9   0.0   0.0   2.4  27.4    6:35   WSW
11  13.1  20.9   16:05   4.9    3:40   5.5   0.3   0.0   1.3  24.1   13:50     E
12  10.9  13.6    0:05   9.3   16:45   7.4   0.0   0.0   1.1  22.5   16:30   WSW
13  10.3  14.8   18:00   6.8   23:00   8.0   0.0   0.0   1.4  17.7   15:20     W
14  11.7  16.6   11:50   7.5    0:40   6.6   0.0   0.0   2.1  32.2   12:10    SW
15  13.3  17.9   16:10   9.1    5:35   5.0   0.0   0.0   1.8  24.1   13:25   WSW
16  13.6  20.8   14:45   9.4    4:45   4.9   0.2   0.0   2.9  29.0   19:25   NNE
17  12.3  18.1   16:55   8.4   23:55   6.0   0.0   0.0   4.5  24.1    7:05   NNE
18  10.8  17.9   17:40   5.1    6:05   7.5   0.0   0.0   3.2  20.9   14:00   NNE
19  12.0  18.8   17:15   5.8    4:50   6.3   0.0   0.0   2.3  22.5   16:15   NNE
20  14.1  20.8   16:10   7.3    6:15   4.6   0.4   0.0   2.3  22.5   14:10    NE
21  15.8  22.5   17:45  10.2    5:50   3.1   0.6   0.0   1.3  19.3   18:15   NNE
22  15.9  22.0   14:45  10.4    7:05   2.8   0.6   0.0   1.4  20.9   15:00     W
23
24
25
26
27
28
29
30
31
-------------------------------------------------------------------------------------
    12.9  27.4     7     2.8     4   129.0  10.5   0.0   1.9  32.2    14     NNE

Max >=  32.0:  0
Max <=   0.0:  0
Min <=   0.0:  0
Min <= -18.0:  0
Max Rain: 0.00 ON 01/05/18
Days of Rain: 0 (> .2 mm) 0 (> 2 mm) 0 (> 20 mm)
Heat Base:  18.3  Cool Base:  18.3  Method: Integration